{"id":61,"date":"2020-04-30T19:50:36","date_gmt":"2020-04-30T19:50:36","guid":{"rendered":"http:\/\/vonbrese.de\/?page_id=61"},"modified":"2020-05-05T17:40:01","modified_gmt":"2020-05-05T17:40:01","slug":"datenschutz","status":"publish","type":"page","link":"http:\/\/vonbrese.de\/?page_id=61","title":{"rendered":"Datenschutz"},"content":{"rendered":"\t\t<div data-elementor-type=\"wp-page\" data-elementor-id=\"61\" class=\"elementor elementor-61\">\n\t\t\t\t\t\t<section class=\"elementor-section elementor-top-section elementor-element elementor-element-d700c5b elementor-section-boxed elementor-section-height-default elementor-section-height-default\" data-id=\"d700c5b\" data-element_type=\"section\" data-e-type=\"section\" data-settings=\"{&quot;background_background&quot;:&quot;classic&quot;}\">\n\t\t\t\t\t\t<div class=\"elementor-container elementor-column-gap-default\">\n\t\t\t\t\t<div class=\"elementor-column elementor-col-50 elementor-top-column elementor-element elementor-element-2a9c99a\" data-id=\"2a9c99a\" data-element_type=\"column\" data-e-type=\"column\">\n\t\t\t<div class=\"elementor-widget-wrap elementor-element-populated\">\n\t\t\t\t\t\t<div class=\"elementor-element elementor-element-8d80083 elementor-widget elementor-widget-text-editor\" data-id=\"8d80083\" data-element_type=\"widget\" data-e-type=\"widget\" data-widget_type=\"text-editor.default\">\n\t\t\t\t<div class=\"elementor-widget-container\">\n\t\t\t\t\t\t\t\t\t<p style=\"font-style: normal; font-variant-caps: normal; color: #003399; font-size: 13px; font-family: Verdana, Geneva, sans-serif; line-height: 15px; font-weight: bold;\">Datenschutzerkl\u00e4rung<\/p>\n<h1><span style=\"font-style: normal; font-variant-caps: normal; text-align: start; font-family: &quot;Segoe UI&quot;, Tahoma, Geneva, Verdana, sans-serif; font-size: x-small;\"><p><\/p>\n<p style=\"font-size: 11px; font-family: Verdana, sans-serif; line-height: 15px; text-align: justify; margin-top: 18px; margin-bottom: 1px;\">Verantwortliche Stelle im sinne der Datenschutzgesetze, insbesondere der EU Datenschutzgrundverordnung DSGVO), ist.<\/p>\n<p style=\"font-size: 11px; font-family: Verdana, sans-serif; line-height: 15px; text-align: justify; margin-top: 1px; margin-bottom: 1px;\">Von Brese Beratungsgesellschaft GmbH, Rohrackerstra\u00dfe 203, 70329 Stuttgart<\/p>\n<p style=\"color: rgb(0, 51, 153); font-size: 11px; font-family: Verdana; line-height: 15px; text-align: justify; letter-spacing: 0.75pt; margin-top: 18px; margin-bottom: 1px;\"><strong>Ihre Betroffenenrechte<\/strong><\/p>\n<p style=\"font-size: 11px; font-family: Verdana, sans-serif; line-height: 15px; text-align: justify; margin-top: 1px; margin-bottom: 1px;\">Unter den angegebenen Kontaktdaten unseres Datenschutzbeauftragten k\u00f6nnen Sie jederzeit folgende Rechte aus\u00fcben:<\/p>\n<ul>\n<li>\n<p style=\"font-size: x-small; font-family: Verdana, sans-serif; line-height: 15px; text-align: justify; text-indent: -18pt; margin-left: 40px; margin-top: 1px; margin-bottom: 1px;\">Auskunft \u00fcber Ihre bei uns gespeicherten Daten und deren Verarbeitung (Art. 15 DSGVO),<\/p>\n<\/li>\n<li>\n<p style=\"font-size: x-small; font-family: Verdana, sans-serif; line-height: 15px; text-align: justify; text-indent: -18pt; margin-left: 40px; margin-top: 1px; margin-bottom: 1px;\">Berichtigung unrichtiger personenbezogener Daten (Art. 16 DSGVO),<\/p>\n<\/li>\n<li>\n<p style=\"font-size: x-small; font-family: Verdana, sans-serif; line-height: 15px; text-align: justify; text-indent: -18pt; margin-left: 40px; margin-top: 1px; margin-bottom: 1px;\">L\u00f6schung Ihrer bei uns gespeicherten Daten (Art. 17 DSGVO),<\/p>\n<\/li>\n<li>\n<p style=\"font-size: x-small; font-family: Verdana, sans-serif; line-height: 15px; text-align: justify; text-indent: -18pt; margin-left: 40px; margin-top: 1px; margin-bottom: 1px;\">Einschr\u00e4nkung der Datenverarbeitung, sofern wir Ihre Daten aufgrund gesetzlicher Pflichten noch nicht l\u00f6schen d\u00fcrfen (Art. 18 DSGVO),<\/p>\n<\/li>\n<li>\n<p style=\"font-size: x-small; font-family: Verdana, sans-serif; line-height: 15px; text-align: justify; text-indent: -18pt; margin-left: 40px; margin-top: 1px; margin-bottom: 1px;\">Widerspruch gegen die Verarbeitung Ihrer Daten bei uns (Art. 21 DSGVO) und<\/p>\n<\/li>\n<li>\n<p style=\"font-size: x-small; font-family: Verdana, sans-serif; line-height: 15px; text-align: justify; text-indent: -18pt; margin-left: 40px; margin-top: 1px; margin-bottom: 1px;\">Daten\u00fcbertragbarkeit, sofern Sie in die Datenverarbeitung eingewilligt haben oder einen Vertrag mit uns abgeschlossen haben (Art. 20 DSGVO).<\/p>\n<\/li>\n<\/ul>\n<p style=\"font-size: 11px; font-family: Verdana, sans-serif; line-height: 15px; text-align: justify; margin-top: 1px; margin-bottom: 1px;\">Sofern Sie uns eine Einwilligung erteilt haben, k\u00f6nnen Sie diese jederzeit mit Wirkung f\u00fcr die Zukunft widerrufen.<\/p>\n<p style=\"font-size: 11px; font-family: Verdana, sans-serif; line-height: 15px; text-align: justify; margin-top: 1px; margin-bottom: 1px;\">Sie k\u00f6nnen sich jederzeit mit einer Beschwerde an eine Aufsichtsbeh\u00f6rde wenden, z. B. an die zust\u00e4ndige Aufsichtsbeh\u00f6rde des Bundeslands Ihres Wohnsitzes oder an die f\u00fcr uns als verantwortliche Stelle zust\u00e4ndige Beh\u00f6rde.<\/p>\n<p style=\"font-size: 11px; font-family: Verdana, Arial, Helvetica, sans-serif; line-height: 15px; margin-top: 1px; margin-bottom: 1px; text-align: justify;\"><span style=\"font-size: x-small; font-family: Verdana, sans-serif;\">Eine Liste der Aufsichtsbeh\u00f6rden finden Sie unter:&nbsp;<\/span><span style=\"font-family: Verdana, sans-serif;\"><u><span style=\"color: rgb(7, 66, 155); border: 1pt none windowtext; padding: 0cm;\"><a href=\"https:\/\/www.bfdi.bund.de\/DE\/Infothek\/Anschriften_Links\/anschriften_links-node.html\" target=\"_blank\" style=\"font-family: Verdana, Arial, Helvetica, sans-serif; font-size: 11px; color: rgb(255, 255, 255); line-height: 15px;\"><span style=\"font-size: x-small; color: rgb(7, 66, 155);\">https:\/\/www.bfdi.bund.de\/DE\/Infothek\/Anschriften_Links\/anschriften_links-node.html<\/span><\/a><\/span><\/u><\/span><span style=\"font-size: x-small; font-family: Verdana, sans-serif;\">.<\/span><\/p>\n<p style=\"color: rgb(0, 51, 153); font-size: 11px; font-family: Verdana; line-height: 15px; text-align: justify; letter-spacing: 0.75pt; margin-top: 18px; margin-bottom: 1px;\"><strong><br><\/strong><\/p>\n<p style=\"color: rgb(0, 51, 153); font-size: 11px; font-family: Verdana; line-height: 15px; text-align: justify; letter-spacing: 0.75pt; margin-top: 18px; margin-bottom: 1px;\"><strong>Erfassung allgemeiner Informationen beim Besuch unserer Website<\/strong><\/p>\n<p style=\"font-size: 11px; font-family: Verdana, sans-serif; line-height: 15px; text-align: justify; margin-top: 18px; margin-bottom: 1px;\"><strong>1. Art und Zweck der Verarbeitung:<\/strong><\/p>\n<p style=\"font-size: 11px; font-family: Verdana, sans-serif; line-height: 15px; text-align: justify; margin-top: 1px; margin-bottom: 1px;\">Wenn Sie auf unsere Website zugreifen, werden automatisch Informationen allgemeiner Natur erfasst. Diese Informationen (Server-Logfiles) beinhalten etwa die Art des Webbrowsers, das ver<span style=\"font-family: Verdana;\">wendete Betriebssystem, den Dom<\/span>ainnamen Ihres Internet-Service-Providers, Ihre IP-Adresse und \u00e4hnliches. Hierbei handelt es sich ausschlie\u00dflich um Informationen, welche keine R\u00fcckschl\u00fcsse auf Ihre Person zulassen.<\/p>\n<p style=\"font-size: 11px; font-family: Verdana, sans-serif; line-height: 15px; text-align: justify;\">Sie werden insbesondere zu folgenden Zwecken verarbeitet:<\/p>\n<ul>\n<li>\n<p style=\"font-size: 11px; font-family: Verdana, Geneva, Tahoma, sans-serif; line-height: 15px; text-align: justify; text-indent: 0cm; margin-left: 17.25pt; margin-top: 1px; margin-bottom: 1px;\">Sicherstellung eines problemlosen Verbindungsaufbaus der Website,<\/p>\n<\/li>\n<li>\n<p style=\"font-size: 11px; font-family: Verdana, Geneva, Tahoma, sans-serif; line-height: 15px; text-align: justify; text-indent: 0cm; margin-left: 17.25pt; margin-top: 1px; margin-bottom: 1px;\">Sicherstellung einer reibungslosen Nutzung unserer Website,<\/p>\n<\/li>\n<li>\n<p style=\"font-size: 11px; font-family: Verdana, Geneva, Tahoma, sans-serif; line-height: 15px; text-align: justify; text-indent: 0cm; margin-left: 17.25pt; margin-top: 1px; margin-bottom: 1px;\">Auswertung der Systemsicherheit und -stabilit\u00e4t sowie<\/p>\n<\/li>\n<li>\n<p style=\"font-size: 11px; font-family: Verdana, Geneva, Tahoma, sans-serif; line-height: 15px; text-align: justify; text-indent: 0cm; margin-left: 17.25pt; margin-top: 1px; margin-bottom: 1px;\">zu weiteren administrativen Zwecken.<\/p>\n<\/li>\n<\/ul>\n<p style=\"font-size: 11px; font-family: Verdana, sans-serif; line-height: 15px; text-align: justify;\">Wir verwenden Ihre Daten nicht, um R\u00fcckschl\u00fcsse auf Ihre Person zu ziehen. Informationen dieser Art werden von uns ggfs. statistisch ausgewertet, um unseren Internetauftritt und die dahinterstehende Technik zu optimieren.<\/p>\n<p style=\"font-size: 11px; font-family: Verdana, sans-serif; line-height: 15px; text-align: justify; margin-top: 3px; margin-bottom: 1px;\"><strong>2. Rechtsgrundlage:<\/strong><\/p>\n<p style=\"font-size: 11px; font-family: Verdana, sans-serif; line-height: 15px; text-align: justify; margin-top: 1px; margin-bottom: 1px;\">Die Verarbeitung erfolgt gem\u00e4\u00df Art. 6 Abs. 1 lit. f DSGVO auf Basis unseres berechtigten Interesses an der Verbesserung der Stabilit\u00e4t und Funktionalit\u00e4t unserer Website.<\/p>\n<p style=\"font-size: 11px; font-family: Verdana, sans-serif; line-height: 15px; text-align: justify; margin-top: 18px; margin-bottom: 1px;\"><strong>3. Empf\u00e4nger:<\/strong><\/p>\n<p style=\"font-size: 11px; font-family: Verdana, sans-serif; line-height: 15px; text-align: justify; margin-top: 1px; margin-bottom: 1px;\">Empf\u00e4nger der Daten sind ggf. technische Dienstleister, die f\u00fcr den Betrieb und die Wartung unserer Webseite als Auftragsverarbeiter t\u00e4tig werden.<\/p>\n<p style=\"font-size: 11px; font-family: Verdana, sans-serif; line-height: 15px; text-align: justify; margin-top: 18px; margin-bottom: 1px;\"><strong>4. Speicherdauer:<\/strong><\/p>\n<p style=\"font-size: 11px; font-family: Verdana, sans-serif; line-height: 15px; text-align: justify; margin-top: 1px; margin-bottom: 1px;\">Die Daten werden gel\u00f6scht, sobald diese f\u00fcr den Zweck der Erhebung nicht mehr erforderlich sind. Dies ist f\u00fcr die Daten, die der Bereitstellung der Webseite dienen, grunds\u00e4tzlich der Fall, wenn die jeweilige Sitzung beendet ist.<\/p>\n<p style=\"font-size: 11px; font-family: Verdana, sans-serif; line-height: 15px; text-align: justify; margin-top: 18px; margin-bottom: 1px;\"><strong>5. Bereitstellung vorgeschrieben oder erforderlich:<\/strong><\/p>\n<p style=\"font-size: 11px; font-family: Verdana, sans-serif; line-height: 15px; text-align: justify; margin-top: 1px; margin-bottom: 1px;\">Die Bereitstellung der vorgenannten personenbezogenen Daten ist weder gesetzlich noch vertraglich vorgeschrieben. Ohne die IP-Adresse ist jedoch der Dienst und die Funktionsf\u00e4higkeit unserer Website nicht gew\u00e4hrleistet. Zudem k\u00f6nnen einzelne Dienste und Services nicht verf\u00fcgbar oder eingeschr\u00e4nkt sein. Aus diesem Grund ist ein Widerspruch ausgeschlossen.&nbsp;<\/p>\n<p style=\"color: rgb(0, 51, 153); font-size: 11px; font-family: Verdana; line-height: 15px; text-align: justify; letter-spacing: 0.75pt;\"><strong><br><\/strong><\/p>\n<p style=\"color: rgb(0, 51, 153); font-size: 11px; font-family: Verdana; line-height: 15px; text-align: justify; letter-spacing: 0.75pt;\"><strong style=\"font-family: Verdana; font-size: 11px; letter-spacing: 0.75pt;\">Cookies<\/strong><br><\/p>\n<p style=\"font-size: 11px; font-family: Verdana, sans-serif; line-height: 15px; text-align: justify; margin-top: 18px; margin-bottom: 1px;\"><strong>Art und Zweck der Verarbeitung:<\/strong><\/p>\n<p style=\"color: rgb(51, 51, 51); font-size: 11px; font-family: Verdana, sans-serif; line-height: 15px; text-align: justify; margin: 0cm 0cm 0.0001pt;\">Wie viele andere Webseiten verwenden wir auch so genannte \u201eCookies\u201c. Cookies sind kleine Textdateien, die von einem Websiteserver auf Ihre Festplatte \u00fcbertragen werden. Hierdurch erhalten wir automatisch bestimmte Daten wie z. B. IP-Adresse, verwendeter Browser, Betriebssystem und Ihre Verbindung zum Internet.<\/p>\n<p style=\"color: rgb(51, 51, 51); font-size: 11px; font-family: Verdana, sans-serif; line-height: 15px; text-align: justify; margin: 0cm 0cm 0.0001pt;\">&nbsp;<\/p>\n<p style=\"color: rgb(51, 51, 51); font-size: 11px; font-family: Verdana, sans-serif; line-height: 15px; text-align: justify; margin: 0cm 0cm 0.0001pt;\">Cookies k\u00f6nnen nicht verwendet werden, um Programme zu starten oder Viren auf einen Computer zu \u00fcbertragen. Anhand der in Cookies enthaltenen Informationen k\u00f6nnen wir Ihnen die Navigation erleichtern und die korrekte Anzeige unserer Webseiten erm\u00f6glichen.<\/p>\n<p style=\"color: rgb(51, 51, 51); font-size: 11px; font-family: Verdana, sans-serif; line-height: 15px; text-align: justify; margin: 0cm 0cm 0.0001pt;\">In keinem Fall werden die von uns erfassten Daten an Dritte weitergegeben oder ohne Ihre Einwilligung eine Verkn\u00fcpfung mit personenbezogenen Daten hergestellt.<\/p>\n<p style=\"color: rgb(51, 51, 51); font-size: 11px; font-family: Verdana, sans-serif; line-height: 15px; text-align: justify; margin: 0cm 0cm 0.0001pt;\">&nbsp;<\/p>\n<p style=\"color: rgb(51, 51, 51); font-size: 11px; font-family: Verdana, sans-serif; line-height: 15px; text-align: justify; margin: 0cm 0cm 0.0001pt;\">Nat\u00fcrlich k\u00f6nnen Sie unsere Website grunds\u00e4tzlich auch ohne Cookies betrachten. Internet-Browser sind regelm\u00e4\u00dfig so eingestellt, dass sie Cookies akzeptieren. Im Allgemeinen k\u00f6nnen Sie die Verwendung von Cookies jederzeit \u00fcber die Einstellungen Ihres Browsers deaktivieren. Bitte verwenden Sie die Hilfefunktionen Ihres Internetbrowsers, um zu erfahren, wie Sie diese Einstellungen \u00e4ndern k\u00f6nnen. Bitte beachten Sie, dass einzelne Funktionen unserer Website m\u00f6glicherweise nicht funktionieren, wenn Sie die Verwendung von Cookies deaktiviert haben.<\/p>\n<p style=\"color: rgb(51, 51, 51); font-size: 11px; font-family: Verdana, sans-serif; line-height: 15px; text-align: justify; margin: 0cm 0cm 0.0001pt;\">&nbsp;<\/p>\n<p style=\"color: rgb(51, 51, 51); font-size: 11px; font-family: Verdana, sans-serif; line-height: 15px; text-align: justify; margin: 0cm 0cm 0.0001pt;\">Soweit diese Cookies (auch) personenbezogene Daten betreffen k\u00f6nnen, informieren wir Sie dar\u00fcber in den folgenden Abschnitten.<\/p>\n<p style=\"color: rgb(51, 51, 51); font-size: 11px; font-family: Verdana, sans-serif; line-height: 15px; text-align: justify; margin: 0cm 0cm 0.0001pt;\">Sie k\u00f6nnen \u00fcber Ihre Browsereinstellungen einzelne Cookies oder den gesamten Cookie-Bestand l\u00f6schen. Dar\u00fcber hinaus erhalten Sie Informationen und Anleitungen, wie diese Cookies gel\u00f6scht oder deren Speicherung vorab blockiert werden k\u00f6nnen.&nbsp;<\/p>\n<p style=\"color: rgb(0, 51, 153); font-size: 11px; font-family: Verdana; line-height: 15px; font-weight: bold; text-align: justify; letter-spacing: 0.75pt;\"><br><\/p><p style=\"color: rgb(0, 51, 153); font-size: 11px; font-family: Verdana; line-height: 15px; font-weight: bold; text-align: justify; letter-spacing: 0.75pt;\"><span style=\"font-family: Verdana; font-size: 11px; font-weight: bold; letter-spacing: 0.75pt;\">\u00c4nderung unserer Datenschutzbestimmungen<\/span><br><\/p>\n<p style=\"font-size: 11px; font-family: Verdana, sans-serif; line-height: 15px; text-align: justify;\">Wir behalten uns vor, diese Datenschutzerkl\u00e4rung anzupassen, damit sie stets den aktuellen rechtlichen Anforderungen entspricht oder um \u00c4nderungen unserer Leistungen in der Datenschutzerkl\u00e4rung umzusetzen, z.B. bei der Einf\u00fchrung neuer Services. F\u00fcr Ihren erneuten Besuch gilt dann die neue Datenschutzerkl\u00e4rung.<\/p>\n<p style=\"color: rgb(0, 51, 153); font-size: 11px; font-family: Verdana, sans-serif; line-height: 15px; font-weight: bold; text-align: justify; letter-spacing: 0.75pt;\"><span style=\"font-family: Verdana, sans-serif; font-size: 11px; font-weight: bold; letter-spacing: 0.75pt;\">Fragen an den Datenschutzbeauftragten<\/span><br><\/p>\n<p style=\"font-size: 11px; font-family: Verdana, sans-serif; line-height: 15px; text-align: justify;\">Wenn Sie Fragen zum Datenschutz haben, schreiben Sie uns bitte eine E-Mail an beratung@vonbrese.de<\/p>\n<p style=\"font-size: 11px; font-family: Verdana, Arial, Helvetica, sans-serif; line-height: 15px; text-align: justify;\"><span style=\"font-size: 6.5pt; font-family: Verdana, sans-serif; border: 1pt none windowtext; padding: 0cm;\">Die Datenschutzerkl\u00e4rung wurde mit dem&nbsp;<u><span style=\"color: rgb(7, 66, 155);\"><a href=\"https:\/\/www.activemind.de\/datenschutz\/datenschutzhinweis-generator\/\" target=\"_blank\" style=\"font-family: Verdana, Arial, Helvetica, sans-serif; font-size: 11px; color: rgb(255, 255, 255); line-height: 15px;\"><span style=\"color: rgb(7, 66, 155);\">Datenschutzerkl\u00e4rungs-Generator der activeMind AG erstellt<\/span><\/a><\/span><\/u>&nbsp;(Version 2018-06-22).<\/span><\/p>\n<p><\/p>\n<p><\/p><\/span><\/h1>\t\t\t\t\t\t\t\t<\/div>\n\t\t\t\t<\/div>\n\t\t\t\t\t<\/div>\n\t\t<\/div>\n\t\t\t\t<div class=\"elementor-column elementor-col-50 elementor-top-column elementor-element elementor-element-3183a2a\" data-id=\"3183a2a\" data-element_type=\"column\" data-e-type=\"column\">\n\t\t\t<div class=\"elementor-widget-wrap\">\n\t\t\t\t\t\t\t<\/div>\n\t\t<\/div>\n\t\t\t\t\t<\/div>\n\t\t<\/section>\n\t\t\t\t<\/div>\n\t\t","protected":false},"excerpt":{"rendered":"<p>Datenschutzerkl\u00e4rung Verantwortliche Stelle im sinne der Datenschutzgesetze, insbesondere der EU Datenschutzgrundverordnung DSGVO), ist. Von Brese Beratungsgesellschaft GmbH, Rohrackerstra\u00dfe 203, 70329 Stuttgart Ihre Betroffenenrechte Unter den angegebenen Kontaktdaten unseres Datenschutzbeauftragten k\u00f6nnen Sie jederzeit folgende Rechte aus\u00fcben: Auskunft \u00fcber Ihre bei uns gespeicherten Daten und deren Verarbeitung (Art. 15 DSGVO), Berichtigung unrichtiger personenbezogener Daten (Art. 16 DSGVO), [&hellip;]<\/p>\n","protected":false},"author":1,"featured_media":0,"parent":0,"menu_order":0,"comment_status":"closed","ping_status":"closed","template":"","meta":{"ocean_post_layout":"full-screen","ocean_both_sidebars_style":"","ocean_both_sidebars_content_width":0,"ocean_both_sidebars_sidebars_width":0,"ocean_sidebar":"0","ocean_second_sidebar":"0","ocean_disable_margins":"enable","ocean_add_body_class":"","ocean_shortcode_before_top_bar":"","ocean_shortcode_after_top_bar":"","ocean_shortcode_before_header":"","ocean_shortcode_after_header":"","ocean_has_shortcode":"","ocean_shortcode_after_title":"","ocean_shortcode_before_footer_widgets":"","ocean_shortcode_after_footer_widgets":"","ocean_shortcode_before_footer_bottom":"","ocean_shortcode_after_footer_bottom":"","ocean_display_top_bar":"off","ocean_display_header":"on","ocean_header_style":"","ocean_center_header_left_menu":"0","ocean_custom_header_template":"0","ocean_custom_logo":0,"ocean_custom_retina_logo":0,"ocean_custom_logo_max_width":0,"ocean_custom_logo_tablet_max_width":0,"ocean_custom_logo_mobile_max_width":0,"ocean_custom_logo_max_height":0,"ocean_custom_logo_tablet_max_height":0,"ocean_custom_logo_mobile_max_height":0,"ocean_header_custom_menu":"0","ocean_menu_typo_font_family":"0","ocean_menu_typo_font_subset":"","ocean_menu_typo_font_size":0,"ocean_menu_typo_font_size_tablet":0,"ocean_menu_typo_font_size_mobile":0,"ocean_menu_typo_font_size_unit":"px","ocean_menu_typo_font_weight":"","ocean_menu_typo_font_weight_tablet":"","ocean_menu_typo_font_weight_mobile":"","ocean_menu_typo_transform":"","ocean_menu_typo_transform_tablet":"","ocean_menu_typo_transform_mobile":"","ocean_menu_typo_line_height":0,"ocean_menu_typo_line_height_tablet":0,"ocean_menu_typo_line_height_mobile":0,"ocean_menu_typo_line_height_unit":"","ocean_menu_typo_spacing":0,"ocean_menu_typo_spacing_tablet":0,"ocean_menu_typo_spacing_mobile":0,"ocean_menu_typo_spacing_unit":"","ocean_menu_link_color":"","ocean_menu_link_color_hover":"","ocean_menu_link_color_active":"","ocean_menu_link_background":"","ocean_menu_link_hover_background":"","ocean_menu_link_active_background":"","ocean_menu_social_links_bg":"","ocean_menu_social_hover_links_bg":"","ocean_menu_social_links_color":"","ocean_menu_social_hover_links_color":"","ocean_disable_title":"on","ocean_disable_heading":"default","ocean_post_title":"","ocean_post_subheading":"","ocean_post_title_style":"","ocean_post_title_background_color":"","ocean_post_title_background":0,"ocean_post_title_bg_image_position":"","ocean_post_title_bg_image_attachment":"","ocean_post_title_bg_image_repeat":"","ocean_post_title_bg_image_size":"","ocean_post_title_height":0,"ocean_post_title_bg_overlay":0.5,"ocean_post_title_bg_overlay_color":"","ocean_disable_breadcrumbs":"default","ocean_breadcrumbs_color":"","ocean_breadcrumbs_separator_color":"","ocean_breadcrumbs_links_color":"","ocean_breadcrumbs_links_hover_color":"","ocean_display_footer_widgets":"default","ocean_display_footer_bottom":"default","ocean_custom_footer_template":"0","footnotes":""},"class_list":["post-61","page","type-page","status-publish","hentry","entry"],"_links":{"self":[{"href":"http:\/\/vonbrese.de\/index.php?rest_route=\/wp\/v2\/pages\/61","targetHints":{"allow":["GET"]}}],"collection":[{"href":"http:\/\/vonbrese.de\/index.php?rest_route=\/wp\/v2\/pages"}],"about":[{"href":"http:\/\/vonbrese.de\/index.php?rest_route=\/wp\/v2\/types\/page"}],"author":[{"embeddable":true,"href":"http:\/\/vonbrese.de\/index.php?rest_route=\/wp\/v2\/users\/1"}],"replies":[{"embeddable":true,"href":"http:\/\/vonbrese.de\/index.php?rest_route=%2Fwp%2Fv2%2Fcomments&post=61"}],"version-history":[{"count":17,"href":"http:\/\/vonbrese.de\/index.php?rest_route=\/wp\/v2\/pages\/61\/revisions"}],"predecessor-version":[{"id":228,"href":"http:\/\/vonbrese.de\/index.php?rest_route=\/wp\/v2\/pages\/61\/revisions\/228"}],"wp:attachment":[{"href":"http:\/\/vonbrese.de\/index.php?rest_route=%2Fwp%2Fv2%2Fmedia&parent=61"}],"curies":[{"name":"wp","href":"https:\/\/api.w.org\/{rel}","templated":true}]}}